 = 2*k + 2. Let j(u) = -3*a(u) - f(u). Let r be j(5). What is the remainder when 14 is divided by 2/(-1)*r/6?
4
Let t(n) = n**3 - n**2 + 2*n - 3. Let d be t(2). Let h(b) = 18*b - 4 + 5 - d*b. What is the remainder when 40 is divided by h(1)?
12
Let n = 4 + -2. What is the remainder when 3 is divided by (8/(-28))/(n/(-14))?
1
Suppose 70 = 2*g - 124. Let s = g - 66. What is the remainder when s is divided by 8?
7
Let j(t) = t**3 + 6*t**2 + 2*t + 5. Let w be j(-3). Suppose 2*p - 3*n - w = 0, -2*n = 3*p - 24 - 2. What is the remainder when 39 is divided by p?
9
Suppose -5*c - 5 = -15. What is the remainder when 3 is divided by c?
1
Let n = -16 + 29. Let z = -7 + n. Let t(q) = -q**3 + 9*q**2 + q + 2. What is the remainder when t(9) is divided by z?
5
Let c(a) = a**2 + a + 23. Let w be c(0). Let g = -39 + w. Let r = -7 - g. What is the remainder when 25 is divided by r?
7
Let s(a) = -29*a - 1. Let k be s(-1). Suppose -5*x = -x + k. Let g(f) = f**2 + 7*f + 8. Calculate the remainder when 31 is divided by g(x).
7
Let f = 11 - 5. What is the remainder when 16 is divided by f?
4
Let v(w) = -w**3 - w**2 + 1. Let c(s) = 4*s**3 + 10*s**2 + 7*s - 4. Let o(a) = c(a) + 5*v(a). What is the remainder when o(6) is divided by 2?
1
Let c(a) = -3*a**3 - a**2. Let n be c(-1). Suppose 0 = -n*k - 7 + 25. Calculate the remainder when 34 is divided by k.
7
Let r(d) = -d + 17. Let q = -3 + 14. What is the remainder when r(-3) is divided by q?
9
Suppose -3*a + 11 = -u, -16 = 2*a - u + 5*u. Let t be 3/9 + (-17)/(-3). Let h = -4 + t. Calculate the remainder when a is divided by h.
0
Let a = -33 + 72. Calculate the remainder when a is divided by 11.
6
Suppose 3*p = 4*r - 121, -4*r - 5*p = -0*r - 161. Calculate the remainder when 132 is divided by r.
30
Let b = 49 - 0. Let g = 31 + -18. What is the remainder when b is divided by g?
10
Let t(l) = 4*l**2 - 2*l + 3. Let p be t(3). Let f = p + -22. What is the remainder when f is divided by -3 + 22/3 - 3/9?
3
Let g = 10 - -17. What is the remainder when 79 is divided by g?
25
Suppose -4*w + 197 = -3*w. Let j = -347 + w. What is the remainder when 23 is divided by j/(-12) + (-1)/2?
11
Let t = 28 + 4. Let q = -13 + t. Calculate the remainder when 73 is divided by q.
16
Suppose -6*q + 2*q - m + 20 = 0, 0 = -5*q - 4*m + 25. What is the remainder when 30 is divided by q/(10/4) + 9?
8
Suppose 0 = k - 14 - 5. Calculate the remainder when 92 is divided by k.
16
Let s(g) = 2*g + 2. Let w be s(-3). Let x = w - -6. What is the remainder when 41 - (x - 0)*-1 is divided by 15?
13
Let d = 15 - 30. Let b be ((-18)/d)/(2/5). What is the remainder when 98/b - 2/3 is divided by 11?
10
Let p(g) = 17*g + 4. Let d be p(2). Let x = 91 - d. What is the remainder when x is divided by 14?
11
What is the remainder when 73 is divided by -2 + -3*102/(-18)?
13
Let r(u) = 6*u - 9. Suppose -2 = p - b - 5, -13 = -3*p + 2*b. What is the remainder when r(p) is divided by 12?
9
Let n = -83 - -111. Calculate the remainder when 105 is divided by n.
21
Let v(j) = j**3 + 4*j**2 - 2*j - 4. Let d(h) = 4*h**2 - h + 2. What is the remainder when d(4) is divided by v(2)?
14
Let v = 8 - 278. Let j = -145 - v. Suppose -4*g = 41 - j. Calculate the remainder when g is divided by 11.
10
Let b = 1 - -1. Suppose -x + 2*x - 2 = 0. Suppose 0 = 4*g - y - 30, x*g + 5*y = -b*g + 18. What is the remainder when 13 is divided by g?
6
Let y(a) = a**3 + 6*a**2 - a + 4. Suppose -g - 6 = 3*i, 5*g + 2*i = -i + 6. Suppose -g*s = s + 20. Calculate the remainder when y(s) is divided by 12.
10
Let x(d) = 21*d - 3. Let p(w) = -w**2 + 14*w - 10. Calculate the remainder when x(2) is divided by p(12).
11
Suppose 0*z - z + 5 = 0. Calculate the remainder when (8/1 - 4)/((-4)/(-18)) is divided by z.
3
Suppose 100 = 5*u - 3*b, -4*u = b + 44 - 141. What is the remainder when u is divided by 8?
7
Let v = 20 + -15. Suppose 0*x - 3*x + c + 149 = 0, v*x + 5*c - 235 = 0. What is the remainder when x is divided by 26?
23
Let c(r) = r**2 - 4*r + 4. Calculate the remainder when 73 is divided by c(7).
23
What is the remainder when 42 is divided by 14 + -5*4/(-20)?
12
Let s(a) = 2*a**2 - 2*a + 19. Let b = 79 - 6. Calculate the remainder when b is divided by s(0).
16
Suppose 0 = -2*w + 4*w + 6. Let u = w + 6. Suppose q - u*q = -14. Calculate the remainder when 19 is divided by q.
5
Let s = 43 - 17. What is the remainder when s is divided by 14?
12
Suppose -z + 22 = 4*y, -4*z - 4 + 12 = 0. What is the remainder when 9 is divided by y?
4
Suppose 115 = 8*b - 3*b. Calculate the remainder when 45 is divided by b.
22
Suppose 2*s + 0*s - 4 = -2*i, 2*i = -s + 5. Suppose i*v = -2*v + 210. Calculate the remainder when (4/(-6))/((-2)/v) is divided by 5.
4
Let b(z) = -3*z**2 + 5*z. Let l be b(4). What is the remainder when 77 is divided by (l + -2)/((-3)/2)?
17
Suppose 12 = -2*b + 32. Calculate the remainder when 29/(-2*(-2)/4) is divided by b.
9
Suppose 0 = 4*h - h - 48. Let j = 14 + -8. Calculate the remainder when h is divided by j.
4
Let d = -1 - 3. What is the remainder when -86*2/d + 2 is divided by 16?
13
Suppose -4*q + 33 + 43 = 0. Let x(t) be the first derivative of -t**2/2 + 36*t - 3. What is the remainder when x(0) is divided by q?
17
Suppose -2*d = -19 - 61. Let t(o) = -o**3 - 2*o**2 - 3*o - 4. What is the remainder when d is divided by t(-3)?
12
Suppose 0 = -6*x + 4*x + 8. Suppose -x*v + 86 = -2*o, 28 + 20 = 2*v - 2*o. What is the remainder when v is divided by 10?
9
Let t(n) = -n + 6. Let s be t(4). Suppose s*l + 239 = 4*k + 27, 3*k + 2*l - 159 = 0. Let c = k - 13. Calculate the remainder when c is divided by 14.
12
Suppose 64 = 4*g + 4. Calculate the remainder when 1 + (-2)/12 + (-723)/(-18) is divided by g.
11
Let y(o) = 7*o + 1. Let v(n) = -4*n - 1. Let s(t) = -11*v(t) - 6*y(t). Let j(i) = 4*i - 5. What is the remainder when s(8) is divided by j(4)?
10
Let q(w) = -w - 5. Let l be -1 + (-10 - (-3 - -6)). What is the remainder when q(l) is divided by 6?
3
Let v be (2/(-6))/(1/3). Let d(t) = -t**3 + 6*t**2 + 8*t + 4. Calculate the remainder when -20*v/(0 + 1) is divided by d(7).
9
Suppose -3*i - 3*u = 6, 3*i + 6 = -u - 0. Let k(r) = -25*r - 3. What is the remainder when k(i) is divided by 12?
11
Suppose 0 = 2*p + f + 4*f + 17, 19 = p - 3*f. Suppose p*t - 60 = t. What is the remainder when 38 is divided by t?
18
Suppose u + 0 = 2. Calculate the remainder when u is divided by 1.
0
Suppose -37*p - 19 = -38*p. What is the remainder when 71 is divided by p?
14
Let r = 84 - 45. Let f = r + -26. Calculate the remainder when f is divided by 5.
3
Suppose -2*c + 45 = c - 4*l, 3*c - 42 = 3*l. What is the remainder when c is divided by 7?
4
What is the remainder when 88 is divided by -1*(-3 + 1 + 3)*-15?
13
Let h = -93 - -150. Suppose 2*x + 3*f = 65, -2*x + 13 = 2*f - h. Calculate the remainder when x is divided by -3 + 2 - 2 - -17.
12
Let v = 11 - -10. Suppose -3*y = -2*t + y, 4*t + y - 27 = 0. What is the remainder when v is divided by t?
3
Let i = 18 - 7. Suppose -2*f - i + 69 = 0. What is the remainder when f is divided by 15?
14
Calculate the remainder when 110 is divided by 6/(-45) + (-1714)/(-30).
53
Suppose 0 = u - 2*u + 111. Let o = -74 + u. Suppose 0 = -2*b + o - 13. Calculate the remainder when b is divided by 7.
5
Suppose -8*v = -7*v - 5. What is the remainder when v is divided by 4?
1
Let p = -4 + -1. Let i be 4/10 + (-383)/p. Suppose 5*r - 38 - i = 0. Calculate the remainder when r is divided by 12.
11
Suppose 3*o - 2*n = 7, -16 - 14 = 5*o + 5*n. What is the remainder when 10 is divided by 2/o*1*-2?
2
Let g(v) = -2*v + 2. Let i be g(4). Let j = 28 + i. Calculate the remainder when 64 is divided by j.
20
Suppose 5*i - 26 = 4*p, -5*i = -0*i + 4*p + 6. Suppose -22 = -2*a - 3*w, -2*a - w + i*w = -30. Calculate the remainder when 25 is divided by a.
11
Let u(p) = p**2 + 3*p - 1. What is the remainder when u(4) is divided by 14?
13
Suppose -t = 5*y - 18, -10 = -2*y - t + 2*t. Suppose -4*u - 32 = -2*g - 4, -y*g - 4*u + 20 = 0. What is the remainder when g is divided by 3?
2
Let a = -1 - -12. Let k = 3 + 17. What is the remainder when k is divided by a?
9
Let r be (1 - 4)*35/(-21). Let u = 7 + r. What is the remainder when 23 is divided by u?
11
Suppose -2*h = -3*j + 3*h + 93, -4*h - 96 = -3*j. Calculate the remain